hat are the prime factors of 14200?
2, 5, 71
List the prime factors of 1875.
3, 5
List the prime factors of 4255.
5, 23, 37
What are the prime factors of 5629?
13, 433
List the prime factors of 10621.
13, 19, 43
What are the prime factors of 844?
2, 211
List the prime factors of 7934.
2, 3967
List the prime factors of 601.
601
What are the prime factors of 11679?
3, 17, 229
What are the prime factors of 24968?
2, 3121
List the prime factors of 37407.
3, 37, 337
List the prime factors of 477.
3, 53
What are the prime factors of 9641?
31, 311
List the prime factors of 1337.
7, 191
List the prime factors of 5632.
2, 11
List the prime factors of 184365.
3, 5, 17, 241
List the prime factors of 26839.
26839
What are the prime factors of 6778?
2, 3389
What are the prime factors of 27858?
2, 3, 4643
What are the prime factors of 4246?
2, 11, 193
What are the prime factors of 1187?
1187
List the prime factors of 3486.
2, 3, 7, 83
List the prime factors of 632.
2, 79
List the prime factors of 20034.
2, 3, 7, 53
What are the prime factors of 9810?
2, 3, 5, 109
What are the prime factors of 1108?
2, 277
List the prime factors of 37148.
2, 37, 251
What are the prime factors of 6964?
2, 1741
List the prime factors of 164428.
2, 11, 37, 101
List the prime factors of 6244.
2, 7, 223
List the prime factors of 173.
173
List the prime factors of 7997.
11, 727
List the prime factors of 47314.
2, 41, 577
List the prime factors of 37609.
11, 13, 263
List the prime factors of 34454.
2, 7, 23, 107
What are the prime factors of 706?
2, 353
List the prime factors of 48123.
3, 5347
What are the prime factors of 13996?
2, 3499
List the prime factors of 1022.
2, 7, 73
What are the prime factors of 3?
3
List the prime factors of 28001.
28001
List the prime factors of 1965.
3, 5, 131
List the prime factors of 15653.
11, 1423
List the prime factors of 22915.
5, 4583
List the prime factors of 1208.
2, 151
What are the prime factors of 35837?
35837
What are the prime factors of 3021?
3, 19, 53
What are the prime factors of 3372?
2, 3, 281
List the prime factors of 3551.
53, 67
List the prime factors of 2014.
2, 19, 53
List the prime factors of 48.
2, 3
What are the prime factors of 16125?
3, 5, 43
List the prime factors of 516.
2, 3, 43
What are the prime factors of 575?
5, 23
List the prime factors of 7778.
2, 3889
What are the prime factors of 95227?
11, 787
List the prime factors of 6418.
2, 3209
What are the prime factors of 305?
5, 61
What are the prime factors of 5577?
3, 11, 13
List the prime factors of 273.
3, 7, 13
What are the prime factors of 1294?
2, 647
What are the prime factors of 6096?
2, 3, 127
What are the prime factors of 8973?
3, 997
List the prime factors of 27128.
2, 3391
What are the prime factors of 3293?
37, 89
List the prime factors of 2336.
2, 73
What are the prime factors of 2685?
3, 5, 179
What are the prime factors of 1083?
3, 19
List the prime factors of 2166.
2, 3, 19
What are the prime factors of 14212?
2, 11, 17, 19
What are the prime factors of 20280?
2, 3, 5, 13
What are the prime factors of 4117?
23, 179
List the prime factors of 16735.
5, 3347
List the prime factors of 6125.
5, 7
List the prime factors of 16388.
2, 17, 241
List the prime factors of 16954.
2, 7, 173
List the prime factors of 5768.
2, 7, 103
List the prime factors of 47424.
2, 3, 13, 19
What are the prime factors of 52331?
43, 1217
What are the prime factors of 15511?
15511
List the prime factors of 9055.
5, 1811
List the prime factors of 21591.
3, 2399
List the prime factors of 49925.
5, 1997
What are the prime factors of 4194?
2, 3, 233
What are the prime factors of 8116?
2, 2029
What are the prime factors of 776?
2, 97
List the prime factors of 7359.
3, 11, 223
What are the prime factors of 10479?
3, 7, 499
List the prime factors of 12708.
2, 3, 353
What are the prime factors of 371?
7, 53
What are the prime factors of 27358?
2, 13679
List the prime factors of 54.
2, 3
List the prime factors of 765.
3, 5, 17
What are the prime factors of 3304?
2, 7, 59
List the prime factors of 191.
191
What are the prime factors of 124?
2, 31
List the prime factors of 10027.
37, 271
List the prime factors of 3511.
3511
What are the prime factors of 382?
2, 191
What are the prime factors of 365?
5, 73
What are the prime factors of 14236?
2, 3559
List the prime factors of 29612.
2, 11, 673
List the prime factors of 52903.
52903
List the prime factors of 71859.
3, 17, 1409
What are the prime factors of 75?
3, 5
List the prime factors of 1842.
2, 3, 307
What are the prime factors of 48774?
2, 3, 11, 739
List the prime factors of 33331.
33331
What are the prime factors of 362?
2, 181
What are the prime factors of 4972?
2, 11, 113
What are the prime factors of 20479?
20479
List the prime factors of 2307.
3, 769
What are the prime factors of 318?
2, 3, 53
What are the prime factors of 6339?
3, 2113
List the prime factors of 27634.
2, 41, 337
What are the prime factors of 4285?
5, 857
What are the prime factors of 62031?
3, 23, 29, 31
What are the prime factors of 1246?
2, 7, 89
What are the prime factors of 4195?
5, 839
List the prime factors of 532.
2, 7, 19
List the prime factors of 3444.
2, 3, 7, 41
List the prime factors of 15353.
13, 1181
What are the prime factors of 887?
887
List the prime factors of 16005.
3, 5, 11, 97
What are the prime factors of 20650?
2, 5, 7, 59
What are the prime factors of 98619?
3, 71, 463
What are the prime factors of 82090?
2, 5, 8209
What are the prime factors of 776?
2, 97
List the prime factors of 14075.
5, 563
What are the prime factors of 618?
2, 3, 103
What are the prime factors of 4665?
3, 5, 311
List the prime factors of 122412.
2, 3, 101
What are the prime factors of 4294?
2, 19, 113
List the prime factors of 41183.
41183
What are the prime factors of 21214?
2, 10607
What are the prime factors of 7310?
2, 5, 17, 43
What are the prime factors of 967?
967
What are the prime factors of 50022?
2, 3, 7, 397
List the prime factors of 54707.
227, 241
What are the prime factors of 53178?
2, 3, 8863
What are the prime factors of 23834?
2, 17, 701
What are the prime factors of 1487?
1487
What are the prime factors of 3638?
2, 17, 107
What are the prime factors of 168?
2, 3, 7
List the prime factors of 1986.
2, 3, 331
What are the prime factors of 3662?
2, 1831
What are the prime factors of 2761?
11, 251
List the prime factors of 6329.
6329
List the prime factors of 79488.
2, 3, 23
List the prime factors of 868.
2, 7, 31
What are the prime factors of 8409?
3, 2803
List the prime factors of 7219.
7219
What are the prime factors of 1810?
2, 5, 181
What are the prime factors of 4243?
4243
List the prime factors of 55066.
2, 11, 2503
List the prime factors of 5136.
2, 3, 107
What are the prime factors of 710?
2, 5, 71
List the prime factors of 29715.
3, 5, 7, 283
List the prime factors of 5075.
5, 7, 29
List the prime factors of 732.
2, 3, 61
List the prime factors of 1164.
2, 3, 97
List the prime factors of 79970.
2, 5, 11, 727
List the prime factors of 4789.
4789
List the prime factors of 22422.
2, 3, 37, 101
List the prime factors of 15048.
2, 3, 11, 19
List the prime factors of 2728.
2, 11, 31
List the prime factors of 6913.
31, 223
List the prime factors of 6985.
5, 11, 127
List the prime factors of 2092.
2, 523
What are the prime factors of 575?
5, 23
List the prime factors of 40165.
5, 29, 277
List the prime factors of 670.
2, 5, 67
What are the prime factors of 5539?
29, 191
What are the prime factors of 12305?
5, 23, 107
List the prime factors of 63758.
2, 71, 449
What are the prime factors of 32378?
2, 16189
List the prime factors of 888.
2, 3, 37
What are the prime factors of 46004?
2, 7, 31, 53
What are the prime factors of 120372?
2, 3, 7, 1433
List the prime factors of 10823.
79, 137
List the prime factors of 4101.
3, 1367
List the prime factors of 5127.
3, 1709
List the prime factors of 1241.
17, 73
List the prime factors of 6065.
5, 1213
What are the prime factors of 632?
2, 79
List the prime factors of 75393.
3, 8377
List the prime factors of 8135.
5, 1627
List the prime factors of 13939.
53, 263
List the prime factors of 31733.
13, 2441
What are the prime factors of 2943?
3, 109
List the prime factors of 751.
751
What are the prime factors of 